
Evaluate 4 - 12 - 1 - -7.
-2
What is -18 + 20 + (2 - 0) + -1?
3
Calculate 3 - (11 + -4) - (2 - 1).
-5
-3 + 4 - (1 - (6 - 1))
5
What is -3 - (-2 + -1 + 4) - 2?
-6
What is the value of (2 - -4 - 10) + 6?
2
What is the value of -7 - (1 - (0 + 3))?
-5
What is (0 + 0 + -1 - -2) + 1?
2
Calculate 3 - (4 + -2 - 4).
5
Evaluate 8 + (-6 - -6 - 3).
5
1 + 0 + -6 + 2
-3
What is -5 - (-10 - (-1 - -2))?
6
Evaluate 3 - ((2 - -5) + -4).
0
4 + 1 - (19 + -16)
2
Calculate (-5 - (7 + 0)) + 16.
4
Calculate 3 + 0 - (0 - (1 - 2)).
2
What is the value of -7 + 1 + 2 + (0 - -8)?
4
0 + (-3 - -5) + 5
7
-9 - (-14 + 7 + 6)
-8
Calculate -5 - 1 - 8 - -23.
9
Evaluate -1 + (-4 - -1) + 1 + 4.
1
What is the value of -4 + -1 + 3 + 4 + 3?
5
What is the value of -3 + 2 + 1 + -2?
-2
What is 3 - 3 - (3 - 13 - -12)?
-2
Evaluate (79 - 88) + 12 + 1.
4
What is 3 - (1 - -2) - -3?
3
-4 + 6 + 2 + (-2 - 3)
-1
Evaluate -13 + 0 + (3 + -15 - -18).
-7
What is 8 + -14 - (-3 - 5 - 2)?
4
What is -2 + -5 + 3 + 9?
5
Calculate -3 - (1 + (-3 - -3)) - 1.
-5
What is 3 - (1 - (-1 + -5))?
-4
-8 - (-8 + -4 - -10)
-6
What is (-1 + 3 - (19 + -14)) + -1?
-4
Calculate (0 - (-2 + 3)) + -2.
-3
What is (21 - 26) + -3 + 3 + 5?
0
Evaluate (2 - 1 - -2) + -2 + 0.
1
What is the value of (-6 - -4) + 4 + 1?
3
(2 - -7) + (11 - 14)
6
Evaluate (14 + -9 - 11) + 9.
3
Evaluate -4 + 2 - (3 + -1) - -3.
-1
Calculate (2 - 6) + 6 - 5.
-3
What is the value of 1 + 4 + -7 - -1?
-1
What is (1 - 10 - (-4 - 1)) + -2?
-6
What is the value of -8 - (1 - (6 + 3))?
0
Calculate -7 + 2 + -2 - -3.
-4
(15 - 11) + (1 - 3) + 2
4
5 - (-4 + 3 + 5)
1
What is the value of 2 - (3 + 3 - 7)?
3
Evaluate 1 + (2 - 1) + -8 + 5.
-1
What is -24 - -13 - (-1 + -3)?
-7
Evaluate 5 - (-3 - (-4 - -1) - -1).
4
What is 64 + -60 + -1 + -1 + 2?
4
What is the value of -8 + 11 + (-8 - -2)?
-3
What is 2 + (-2 - -4) + -2?
2
Evaluate 4 + -5 + 5 + -6 - 6.
-8
What is -4 + -1 + 4 - (16 - 6)?
-11
What is (-3 - (6 - 2) - -14) + -7?
0
What is the value of 1 + (4 - (1 - -2)) - -1?
3
What is -7 - (-23 + 15) - (-2 + 0)?
3
(-3 - -1 - -1) + (5 - 1)
3
What is 4 + (-4 - (-5 - -2))?
3
What is 28 + -25 + (-7 - 1)?
-5
Calculate 3 + 2 + 2 - 12.
-5
(-15 - -9 - -10) + 1
5
Calculate (17 - (9 + -2)) + -15.
-5
Calculate 2 - (-4 - (-9 + -2 - -4)).
-1
Evaluate -6 - (6 + 1 + -23 - -7).
3
Calculate 2 + -7 + (-11 - -11).
-5
What is the value of 2 + -3 + 0 - (-1 - 3)?
3
What is -4 - (-9 + 10 + (-5 - 0))?
0
What is (3 - (-10 + 12)) + 2?
3
What is 0 + 0 + -4 + (-3 - -10)?
3
Evaluate (-14 - (16 + -14)) + 9.
-7
(15 - 16) + 0 + 2
1
11 + -7 + 11 + -9
6
What is the value of 4 + -1 + -3 + -4 + -1?
-5
(-10 - (7 - 20)) + 3
6
What is -1 + (3 - ((-7 - -3) + 8))?
-2
What is the value of 2 - 0 - (10 - (-4 + 16))?
4
Calculate -8 + 3 - 0 - (3 + -17).
9
Calculate (-73 - -61) + 0 + 8.
-4
What is the value of 3 + (1 - (0 - 3))?
7
Calculate (1 - -3 - (-34 - -32)) + -5.
1
What is the value of (-58 - -61) + -1 + 1?
3
Evaluate -7 + -1 + 15 - 14.
-7
5 - (2 - (0 + -1))
2
1 - (-4 - 4) - (0 - -5)
4
What is the value of 2 - (-5 - (-5 + (-7 - -12)))?
7
Evaluate -23 + 22 + (3 - (1 - 2)).
3
What is -8 + 3 + 1 + -2 + 1?
-5
Calculate (-2 - 1 - (-6 - -3)) + 4.
4
Calculate (3 - -4) + -7 + 3.
3
What is 5 + 2 + 0 + -2?
5
Calculate 11 + -1 + 0 + -17.
-7
Evaluate 3 - (0 - (2 + -3 - 2)).
0
What is -17 + 5 + (1 - (-3 - 2))?
-6
What is the value of (12 - (5 - -5)) + 3 + 2?
7
Calculate 4 + 6 + -10 + 1 + 2.
3
-2 - -2 - (6 + -14 + 5)
3
Calculate (6 - -1) + -6 - (4 + -2).
-1
Evaluate 1 - (-13 + 12 - (-2 + 5)).
5
Evaluate (-3 - 1) + (-3 - -5).
-2
What is the value of -3 - (2 + 1 + -7)?
1
What is 4 + 23 + -11 - 6?
10
Evaluate -6 + 1 - (1 - (21 + -19)).
-4
Evaluate 3 - (-7 - 2) - 5 - 3.
4
Calculate -1 + -1 + (85 - 91).
-8
What is -8 - (2 + (0 - 6))?
-4
What is -1 - -2 - (5 - (5 - -1))?
2
What is (-8 + 6 - 0) + -3?
-5
What is -3 + (18 - 6) - 3?
6
What is (-9 - -8 - -4 - -4) + -2?
5
Evaluate -14 + 9 + 0 + (2 - 0).
-3
Calculate 2 + 6 - (10 + -13).
11
-6 + -1 - (3 + (-15 - -2))
3
-1 + 10 + 1 + -5
5
Calculate -1 + (-7 + 1 - -6) + -8.
-9
What is the value of -5 + 5 + 6 - 2 - 0?
4
What is the value of -2 + 0 - (43 - 39)?
-6
What is (-8 + 7 - 1) + 4 + 2?
4
What is the value of -1 - ((3 - 4) + (2 - -3))?
-5
Evaluate -3 + (2 + -2 - -4).
1
Evaluate 2 - 4 - -8 - (6 - 5).
5
Evaluate 15 + -4 - 9 - (6 - 1).
-3
What is the value of 0 + -8 + (12 - -3)?
7
What is the value of -3 + (4 - 11 - -5)?
-5
What is 1 + 1 - -9 - (11 + -3)?
3
Calculate 5 + -10 + 3 - -6.
4
1 - -7 - (-12 + (21 - 7))
6
Calculate (-6 - 1) + 10 + -10 + 6.
-1
Evaluate -3 + (2 - (4 - 7)).
2
Calculate (-4 - 1) + -32 + 34.
-3
0 - (4 - 2) - -1 - -3
2
Calculate (-5 - -7 - 1) + -1.
0
Calculate (10 + -6 - 4) + (-8 - -5).
-3
What is the value of -2 + -2 + (-3 - 8 - -7)?
-8
Calculate -5 - (-4 + -2 + 2).
-1
-5 - (-4 + 0 + 3)
-4
What is the value of 3 - -4 - (-72 + 74)?
5
-5 + 2 + -1 + 10 + 4
10
Evaluate (-6 - 2) + -6 + 7 + 4.
-3
Calculate -4 - -8 - -3 - (6 + -2).
3
What is the value of -4 + 9 + 0 + -15?
-10
Evaluate (-2 - -1) + 12 + -2.
9
What is the value of (-61 - -73) + (-1 - (1 - 0))?
10
What is the value of (-2 - 1) + 17 + -13?
1
(-2 - 5) + 17 + -5
5
Calculate 3 - (4 + 2) - -8.
5
What is the value of -2 + 4 - (0 - 4 - -2)?
4
What is the value of 2 - ((1 + -4 - 2) + 4)?
3
What is the value of -9 + 2 - (14 + -25)?
4
Calculate 2 + 2 + (-1 - (7 - 4)).
0
What is -5 + (10 - 5 - 3)?
-3
What is -309 - -298 - (-2 + 1)?
-10
Calculate 7 + (-1 + -3 + 4 - 2).
5
Calculate (-1 - -5) + -3 + 1.
2
Evaluate 10 + 1 + -4 + -3.
4
What is the value of 0 - -2 - (15 - 11)?
-2
Evaluate (-26 - -19) + 11 - (-2 + 0).
6
(2 - 0) + 4 + -5 + -3
-2
(-5 - -14) + -5 + (1 - 9)
-4
1 - (2 - (5 - 1))
3
What is (-1 + 2 - -1) + -5?
-3
What is the value of -18 + 22 - (5 + -1)?
0
Evaluate 46 + -28 - 17 - (-7 + 0).
8
What is 4 - (1 + 8 - (25 + -27))?
-7
What is 7 + -10 - (-6 - 3)?
6
0 - -4 - (26 + -19) - -3
0
What is the value of -2 - (-1 + 3 - (25 + -17))?
4
What is (-2 - -5) + (-66 - -56)?
-7
Calculate -6 - (1 - 0 - (-5 + 7)).
-5
Calculate (-9 + 16 - 8) + (-1 - -1).
-1
What is the value of -4 + 4 + -1 - -3?
2
What is (-1 - 10) + -23 + 28?
-6
4 + -1 + (1 - (-1 - -1))
4
Evaluate -3 - ((-1 - 7) + 1 + 3).
1
What is -1 - 7 - (-34 + 21)?
5
What is (-13 + 3 - -5) + 9?
4
What is -2 + -3 + 7 + -7?
-5
Evaluate -1 - (2 - (2 - 1)) - 1.
-3
Calculate -67 - -58 - (1 + -14).
4
Evaluate 7 + -3 + -1 + -7.
-4
What is 6 + 1 - (11 - 5)?
1
What is the value of 1 + -4 - -2 - (9 - 14)?
4
Calculate -1 - (3 + 1 + (3 - 7)).
-1
-7 - (1 + (2 - 6))
-4
-1 + 3 + (-1 - 8) + 2
-5
What is 8 - (2 + (1 - -2)) - 4?
-1
What is the value of -25 + 19 - (-2 + 1 + -2)?
-3
What is the value of 1 + -1 + 8 - 10?
-2
-7 - -10 - (-2 + 0)
5
Calculate 0 - -1 - (3 + 1).
-3
Calculate -2 + 5 - (5 - 6).
4
What is the value of 9 - 4 - 2 - 8?
-5
What is the value of -5 + 2 - (-2 - -4)?
-5
(12 - (-5 - -14)) + (-7 - 1)
-5
1 + -8 + 28 + -24
-3
What is -1 - 0 - (-10 + (0 - -12))?
-3
-4 + (-2 - (1 + -7))
0
59 + -55 + (-1 - 7)
-4
What is (4 + -2 - 2) + -2?
-2
(10 - -6) + -10 + 1
7
What is (8 - 0) + (-26 - (-25 - -3))?
4
2 - (9 + -9) - (0 - -4)
-2
What is the value of -4 + (-7 - -10 - 0)?
-1
What is -2 - (1 - (-10 + 6 + -1))?
-8
-2 + 0 + -1 + -1
-4
What is the value of 6 - (0 + -2 + 6)?
2
What is 5 + 2 - (9 + -2)?
0
Calculate 14 + (7 - 6) + -11.
4
Evaluate 53 + -53 + (0 - 1).
-1
Calculate -10 + 18 + -10 - (0 + -5).
3
-8 - -2 - ((-2 - -3) + -6)
-1
8 + (-5 - -3) - -1 - 2
5
What is (1 - 4) + (-6 - -4 - -2)?
-3
What is the value of -2 - (-7 + 11 + -10) - -5?
9
4 + 5 + -6 - 3
0
-5 + (-1 - -9) - 8
-5
What is -5 + (0 - -3) + 5?
3
(-6 - -9) + -2 + (-6 - -6)
1
Evaluate (0 - -5 - -2) + (-1 - 5).
1
Evaluate 3 - (0 + -1 - -5).
-1
4 + 1 + -2 + -1 + 1
3
-19 - -28 - (2 - 0)
7
Evaluate (-15 - -13) + -1 + (-2 - -4).
-1
Evaluate 1 + -9 + 10 - -1.
3
What is -9 + (2 - (-4 + 4 + -3))?
-4
2 - -2 - ((-7 - -8) + -2)
5
Calculate -6 + (5 - (-5 - -1)).
3
Calculate -1 - 4 - (0 + (8 - 11)).
-2
What is the value of (2 - (1 + -4)) + -7 + 6?
4
What is the value of -5 + -1 + (1 - -9) + -7?
-3
Calculate 0 + -9 - (3 - 3).
-9
What is -5 + (-1 - -7) + 58 + -65?
-6
What is the value of -3 - (-3 + (-4 - 5))?
9
What is the value of (-3 - -5) + -3 + (1 - 2)?
-2
What is the value of -6 - (1 + (5 - 10 - 0))?
-2
What is the value of 0 - -4 - (1 + -3)?